rs of 60/x*(-76)/r.
2, 19
Suppose -7*w + 3*w - 3*k = -58, -3*w + 2*k + 35 = 0. Suppose 3*t - w*t = -2010. What are the prime factors of t?
3, 67
List the prime factors of (-1 - (-285464)/48)/((-12)/(-72)).
35677
Let l(y) = -147*y**3 + 9*y**2 - 2*y - 1. Let n be l(-3). Let s = -2560 + n. What are the prime factors of s?
5, 13, 23
What are the prime factors of ((-3605)/25 - 1)/(26/(-715))?
3, 11
Let y(c) = 377*c**2 + 55*c + 366. List the prime factors of y(-7).
2, 9227
Let c(i) be the first derivative of i**3/3 + i**2/2 - 13*i - 5. Let r be c(-7). Suppose r = z - 34. What are the prime factors of z?
3, 7
Suppose -46*l - 103 = 81. Let h(a) = 13*a**2 - 4*a - 34. What are the prime factors of h(l)?
2, 5, 19
Let f(l) = -3*l**2 - 333 + 5*l**2 + 2*l**2 + 14*l + 336. List the prime factors of f(-6).
3, 7
Let x be (-74)/4 - (-30)/12. List the prime factors of (-1)/(11/(-5535)) - x/(-88).
503
List the prime factors of 35/112*-4 - (-27293)/4.
2, 3, 379
Let k(l) = l + 10. Suppose x - 7*x = -54. Let m be k(x). Suppose 3*o - 108 = -5*h, -o - m = h - 55. What are the prime factors of o?
2, 3
Suppose -92*o + v + 46511 = -89*o, -4*o - 5*v + 62021 = 0. List the prime factors of o.
2, 3, 17, 19
Suppose -88 = 20*d + 172. What are the prime factors of ((-104)/(-6))/(d/(-1092))?
2, 7, 13
Let y(j) = 53*j**2 + 154*j - 5542. List the prime factors of y(34).
2, 11, 17, 163
Suppose -18 = -3*u - 3*u. Suppose -2*y = u*y. Suppose 3*d - 2*g - 226 - 142 = y, 0 = 4*d - 2*g - 492. List the prime factors of d.
2, 31
Suppose 15*f = 804 + 44280 + 56961. What are the prime factors of f?
6803
Suppose -45*c + 441482 = -958558. What are the prime factors of c?
2, 3889
Suppose 5*q + 0*y = -3*y + 10, 0 = -2*y. Let g be (-1 - q)/(18/(-6)). List the prime factors of ((158 + -3)/5)/g.
31
Let j(n) = -n**2 + 9*n - 22. Let h be j(5). Let f(r) = -77*r**3 - 2*r**2. List the prime factors of f(h).
2, 19
Suppose 12*n - 40 = -4*h + 8*n, -3*h - 2*n + 25 = 0. Suppose 0 = -h*u - m + 5*m + 37, 0 = 5*u - 3*m - 39. List the prime factors of u.
3
List the prime factors of ((-24)/(-120))/(3/274332) - (-5)/25.
18289
Suppose -10*w = -18*w - 80. Let r be ((-6)/9)/2*-57. Let h = w + r. What are the prime factors of h?
3
Let k = -3 - -5. Suppose -5*j = k*m - 43, 42 = 3*m - 0*m + 3*j. Suppose m*q - 10*q + 91 = 0. List the prime factors of q.
7, 13
Let i be 6*19/((-342)/(-4272)). Let f = 2422 - i. List the prime factors of f.
2, 499
Let k(f) = 6*f**2 + 4*f - 11. Let d be k(4). Suppose -5*r + d = -2564. What are the prime factors of r?
13, 41
Suppose -4*y - 4196 = -40*b + 36*b, -5*y + 2*b - 5233 = 0. Let a = y - -1584. What are the prime factors of a?
7, 11
Let j = 34120 + -21532. What are the prime factors of j?
2, 3, 1049
Let b be 12*(3 + 17/(-6)). Suppose b*i - 374 = -0*r - 4*r, 0 = 4*r + 4*i - 384. What are the prime factors of r?
7, 13
Let q = -258 - -252. List the prime factors of (-5)/((-714)/4680 - q/45).
2, 5, 13
Suppose -3*x = 2*w - 3, -w - x - 19 = -20. Suppose w = -6*r + 4107 - 753. List the prime factors of r.
13, 43
Let g(x) = -x**3 - 10*x**2 - 22*x - 20. Suppose 271 = -4*m + 27. Let r = 53 + m. What are the prime factors of g(r)?
2, 7
What are the prime factors of (-6)/(-4)*6*-1642*(-1)/3?
2, 3, 821
Let l = -38 - -41. Suppose -l*x - 3*x + 12 = 0. Suppose i - 33 = -f, 5 - 3 = -x*f. List the prime factors of i.
2, 17
Let m(h) = 8*h**2 - 60*h + 213. List the prime factors of m(7).
5, 37
Suppose 3*c = -4*k + 108, -2*k + 26 = -2*c - 28. Suppose 39*a - 1176 = k*a. List the prime factors of a.
2, 7
Suppose -5*l = -8*u + 369932, -3*l + 46256 = -0*u + u. What are the prime factors of u?
2, 11, 1051
Let u(k) = -111*k**3 + 4*k**2 - 28. Let a be u(-6). Suppose 6337 = 23*l - a. List the prime factors of l.
3, 7
Let d be 129/4*(-7112)/(-42). Suppose 9*a = 1928 + d. List the prime factors of a.
821
Suppose -5*j - 19488 = -4*p - 175443, 5*j = -4*p + 155995. What are the prime factors of j?
5, 17, 367
Let z = 23781 + 2164. List the prime factors of z.
5, 5189
Let h(d) = -105*d**3 + 4*d**2 - 13*d - 16. Let r be h(-4). Suppose 17*l + r = 23633. List the prime factors of l.
23, 43
Let q(j) = -297*j**3 - 7*j**2 + 11*j + 2. Let t(y) = -595*y**3 - 15*y**2 + 24*y + 4. Let g(f) = -13*q(f) + 6*t(f). List the prime factors of g(1).
3, 97
Let v be (20 + -17)*(2860/(-3))/(-2). Suppose -v = -5*q - 0*s - 5*s, 0 = 3*s - 12. What are the prime factors of q?
2, 3, 47
Suppose 3*d = 0, -2*b + 4638 = -4*b - 3*d. What are the prime factors of b/(-9) + (-8)/12?
257
Suppose -4*x - 30*d + 47442 = -27*d, 0 = -4*x + 4*d + 47400. What are the prime factors of x?
2, 3, 13, 19
Let h(w) = 95*w**2 - 40*w + 17. List the prime factors of h(-14).
3, 79
Suppose -5*o - 3*z + 0*z + 94 = 0, 0 = -4*o + 5*z + 53. List the prime factors of (o + -12)/((-2)/(-122)) + 3.
2, 7, 11
Let b(r) = 2*r + 0*r + 15 + r**2 + 6*r + 4*r. Let n be b(-9). What are the prime factors of (-139)/(-3) - 8/n?
47
Let u(n) = -2*n - 8. Let m(r) = 6*r + 25. Let z(p) = 3*m(p) + 8*u(p). Let t be z(-7). What are the prime factors of 275 + t/(-3)*(0 + 0)?
5, 11
Let c(j) = -j**3 + 15*j**2 - 18. Let r be c(15). Let g be (-8)/36 + (5990/r - 0). What are the prime factors of (15/(-18) + 4/8)*g?
3, 37
Let z be (-5 + 10/5)/(-1). Suppose -z = 5*l + 7, -5*l - 711 = -a. What are the prime factors of a?
701
Suppose 20*n = 15*n + 25. Suppose -r + 2*r + 5*y - 119 = 0, y + 517 = n*r. Let g = 147 - r. List the prime factors of g.
43
Let k(m) = 385*m + 4684. What are the prime factors of k(-7)?
3, 13, 17
Let z(h) = -h - 2. Let w be z(0). Suppose 7 = p + 67. What are the prime factors of 1/(w/(p + -2))?
31
Suppose -3*l = -24*l - 126. What are the prime factors of (l - 12)*32/(-3)?
2, 3
Let p(x) = -x**2 - 28*x - 104. Let i(l) = -l**2 + 49*l + 316. Let f be i(-6). What are the prime factors of p(f)?
2, 23
Suppose 67 = 4*x + r - 104, 5*r = -5. Suppose 3*t + 34 = x. Suppose 3*d - 53 = 2*d + 3*u, t*d - 149 = -u. List the prime factors of d.
2, 5
Suppose -48*n + 55932 = 38*n - 80*n. What are the prime factors of n?
2, 59, 79
Let o(p) = 6*p**2 + 19*p - 9. Suppose -13*q = 4*q + 459. Let s be 11/((-22)/q)*4/(-6). What are the prime factors of o(s)?
2, 3, 17
Let k = 207 + 7281. What are the prime factors of k?
2, 3, 13
Let u = 241 + -228. Suppose 14*a = u + 7519. What are the prime factors of a?
2, 269
Let k(a) = 7*a**2 - 5*a. Suppose 0 = -2*p + 2*j + 23 - 9, 5*p - 29 = 3*j. What are the prime factors of k(p)?
2, 23
Suppose 33*u = 68*u - 19670. What are the prime factors of u?
2, 281
Let t = 129384 - 67247. What are the prime factors of t?
62137
Let p(y) = -3*y + 19. Suppose -37*s = -34*s + 36. Let w be p(s). Let g = w + 139. List the prime factors of g.
2, 97
Let o = -329 - -373. Let m(u) = -u**2 - 4*u + 5. Let s be m(-5). Suppose s = r - o - 93. List the prime factors of r.
137
Suppose -q - 134 = 5*n, 5*q - 2*q + n + 472 = 0. Let z = -146 - q. List the prime factors of z.
13
What are the prime factors of (-6040)/(-7) - (234/21)/13?
2, 431
Suppose 3*n = -w + 15789, -2*w - 3*w = -3*n + 15807. List the prime factors of n.
2, 7, 47
Suppose -9*a + 12 = -3*a. Let t(y) = 63*y - 26. What are the prime factors of t(a)?
2, 5
Suppose 0 = 3*w - 8*w - 20, 2*k + 5*w = 4. Let h = 143 - k. Let z = h - 79. What are the prime factors of z?
2, 13
Let h be (20/(-5) + 4)/(-1) - -3. Let v(n) = 157*n + 44. List the prime factors of v(h).
5, 103
Let d(l) = l**3 + 9*l**2 - 26*l - 14. Suppose -26*s - 50 = -21*s. List the prime factors of d(s).
2, 73
Suppose -55*x + 1334408 = -3162007. Suppose -43*k + x = 23273. What are the prime factors of k?
2, 5, 17
Suppose -9487 + 1935 = -8*p. Suppose 2*a - 4*n - 1442 = 0, p + 466 = 2*a + 4*n. What are the prime factors of a?
23, 31
Suppose 5*y - 36543 = 2*l, -3*y + 5*l = -8379 - 13524. List the prime factors of y.
3, 2437
Let i = -830 + 903. Suppose 59*p - i*p = -25004. What are the prime factors of p?
2, 19, 47
Let z be 128/448 - 24/(-14). Suppose -4*d + 1604 = -4*k, -6*d + z*d + 1609 = -5*k. What are the prime factors of d?
2, 3, 11
Suppose -25 + 43 = 3*c - 4*w, 2*c - 1 = -w. Suppose 2737 = 5*m - 3*o, -5*o = -c*m - 7*o + 1082. What are the prime factors of m?
5, 109
Suppose -4*v = -2*b + 12530, v + 1631 = 3*b - 17169. List the prime factors of b.
3, 2089
Let u = 218 + -1220. List the prime 